Suppose 2*d - 8 = s, 3*k + 5*d + 58 = 3*d. List the prime factors of (-1)/(6/(-45))*k/(-1).
3, 5, 11
Let b(f) be the second derivative of f**4/6 - f**3/6 - f**2/2 - 10*f. Let n(c) = -c**2 - 1. Let i(v) = -b(v) - 4*n(v). List the prime factors of i(4).
41
Let s(l) = -l**3 - 3*l**3 + 6*l**3 - 5*l + 25 - 3*l**3 + 15*l**2. Let q be s(14). What are the prime factors of q/6 + (-15)/90?
5
Suppose -103474 = 5209*r - 5223*r. List the prime factors of r.
19, 389
Let h = 136 - 131. Let l(d) = 2*d**3 + 10*d - 4*d**2 - 6*d - 4*d + 4*d + 6. What are the prime factors of l(h)?
2, 11
Suppose -944 - 106 = -z. Suppose -2*a = a - z. What are the prime factors of a?
2, 5, 7
Suppose -4*n - 5*p + 2*p + 9 = 0, -3*n + 3*p - 9 = 0. Suppose n = r + 1 + 3. Let l(b) = 2*b**2 + 7. What are the prime factors of l(r)?
3, 13
Let k(g) = g**2 + 23*g - 30. Let x be k(19). Let u = x + -328. What are the prime factors of u?
2, 5, 11
Suppose -161*s = -181*s + 313880. List the prime factors of s.
2, 7, 19, 59
Suppose -f - 2*i + 13 = 0, 9*f = 14*f + 3*i - 37. Suppose f*h = -2*b + 1387, 2*h + 2*b - 596 = -46. List the prime factors of h.
3, 31
Let p(u) = 6270*u**2 + 35*u + 67. What are the prime factors of p(-3)?
2, 7, 19, 53
Suppose -4*u = 118 + 138. Let q = -61 - u. Suppose 0 = 3*o - 3, -6*a + 79 = -4*a - q*o. List the prime factors of a.
41
Suppose -2*j - 2*c - 20 = -5*j, 0 = -4*j + 5*c + 22. Suppose 4 = -j*b + 68. Suppose 0 = -b*h - 2*h + 1170. List the prime factors of h.
3, 13
Let c be -5 + 36/6 + 5. Suppose c*y - 4*y + 78 = o, -4*o = -2*y - 282. What are the prime factors of o?
2, 17
Let l(v) = -v**3 + 49*v**2 - 35*v - 178. List the prime factors of l(47).
3, 5, 173
Let d(p) = -53*p**3 - 3*p**2 - 27*p - 251. What are the prime factors of d(-7)?
2, 3, 5, 599
Let r = -5 + 4. Let f be (0/r)/(-4 + 2). Suppose f = -3*q + 5*y - 13, -2*y = -3*q - 0*y + 2. List the prime factors of q.
2
Suppose i + 0*i = -5*l + 20, 4*l + 3*i = 27. Let m(q) = 0 + 6*q**2 - 6*q**3 + 5*q**3 + q + l - 4*q. List the prime factors of m(4).
23
Let y be 5 + (-16)/24*1473. Let c = 1622 + y. List the prime factors of c.
3, 5, 43
Let l(k) = -2*k**2 - 45*k + 35. Let w be l(-23). Suppose -336 = -3*j + 3*m, 2*j + 9*m = w*m + 225. What are the prime factors of j?
3, 37
Let p be -12*(2 - 1)*-1. Suppose 0 = -0*v + 3*v + p, -4*k + v + 20 = 0. Suppose k*i = -2*b + 3*b + 23, 4*b - 13 = -5*i. List the prime factors of i.
5
Let s(q) = 260*q**2 + 122*q + 715. List the prime factors of s(-6).
9343
Let r(q) = 20*q**2 - 16*q - 2. Let o be r(2). What are the prime factors of (-1 - -7) + (o - -593)?
3, 5, 43
Let m(r) = -1 + 6 + 14 - 6*r**2. Let i be m(-9). What are the prime factors of i/(-4) - (-30)/(-40)?
2, 29
Let y = 10466 + -8229. List the prime factors of y.
2237
Let i(a) = 2*a**2 + 27*a - 56. Let j = -333 - -305. List the prime factors of i(j).
2, 3, 7
Suppose -2*y + 12582 = -4*k, 14*y - 6287 = 13*y - 2*k. What are the prime factors of y?
19, 331
Suppose 0 = 4*g - 0 - 8. Suppose -20 = -g*y + 140. What are the prime factors of (128/y)/((-2)/(-20))?
2
Let g = -23 - -37. Suppose -g*h + 4*h = -360. What are the prime factors of h?
2, 3
Let b = 4501 + 2460. List the prime factors of b.
6961
Let j(o) = -18 + 22 + 3*o**2 + 11*o + 24 + 13. List the prime factors of j(-6).
83
Let j(v) = v**3 - 29*v**2 + 48*v - 135. List the prime factors of j(30).
3, 5, 7
Let p(f) = 19*f**2 - 18*f - 42. Let u be p(-2). Suppose u*z = 86*z - 10416. What are the prime factors of z?
3, 7, 31
Let c(r) = -75*r + 389. What are the prime factors of c(-19)?
2, 907
Suppose -445*d + 330*d + 3021740 = 0. What are the prime factors of d?
2, 6569
Let c(h) = -h**3 - 3*h**2 + 3*h - 8. Let q be c(-4). Let i = 2 + q. What are the prime factors of ((-87)/(-12))/(i - (-50)/24)?
3, 29
Let d be 10/15*(-75)/(-10). Suppose s - 376 = 13*z - 10*z, 1902 = d*s - 4*z. What are the prime factors of s?
2, 191
Suppose -79*a + 110507 = -527181. List the prime factors of a.
2, 1009
Let w = 265 + 1129. Let j = w + -630. What are the prime factors of j?
2, 191
Suppose 0 = -t, t = 2*a - 6*a + 8092. Suppose 0 = -504*r + 497*r + a. What are the prime factors of r?
17
Let l = -1923 - -3259. List the prime factors of l.
2, 167
Let i be 2012/(1/((-4)/(-8))). Suppose 3*b - 4*b - 2*m + i = 0, 5036 = 5*b + 4*m. Suppose b = 7*c + 2*c. List the prime factors of c.
2, 7
Let j(x) = 2*x + 13. Let z be j(-5). Suppose z = 4*m + 11. What are the prime factors of (m/1 - (0 + -2)) + 5?
5
Let m(d) = 34*d**2 - 339*d + 55. List the prime factors of m(16).
5, 23, 29
Suppose -926*m + 3*h + 117696 = -922*m, -4*m + 9*h + 117672 = 0. List the prime factors of m.
3, 17, 577
Let a = 121 + 756. Let y = 1893 - a. List the prime factors of y.
2, 127
Suppose -4*b - 2*m + 134 = -4*m, 0 = 4*m - 20. Suppose -9 = d - 2*d + h, 4*d + h - b = 0. Suppose 0 = 4*p - d + 1. List the prime factors of p.
2
Suppose -4*k + 5*o + 32684 + 23251 = 0, 0 = -3*k - 2*o + 41934. What are the prime factors of k?
2, 3, 5, 233
Suppose h - 38 = -4*v, -4*v - 3*h = -58 + 16. What are the prime factors of 8/(-12) - (-2076)/v?
2, 5, 23
Let x = -43 - 61. Let m(c) = -2*c + 138. Let t be m(-7). Let k = x + t. List the prime factors of k.
2, 3
Let j(y) = y**2 - 78*y - 552. What are the prime factors of j(86)?
2, 17
Let w(c) = c**2 + 2*c + 58. Suppose -2*h + 4*i + 16 = -4*h, -2*h = -4*i - 24. Suppose 5*s = h*s. What are the prime factors of w(s)?
2, 29
Suppose 4*x = 11*x - 21. List the prime factors of (-214)/(-3)*x + 24/(-12).
2, 53
Suppose 34235 = -21*y + 980117. List the prime factors of y.
2, 3, 7507
Suppose v + 1 = -0. Let x = 6 - v. List the prime factors of x.
7
Suppose 0 = 67*q - 66*q - 3. Let d(n) = 246*n - 53. List the prime factors of d(q).
5, 137
Suppose -3*x - 5*d = -15 - 18, -3*d - 9 = -3*x. What are the prime factors of 592/x - (-48)/(-18)?
2, 3
Let f(r) = 2*r**2 - 24*r - 94. Let d be f(15). List the prime factors of 2/(1/(-2154)*d).
3, 359
Suppose -5*l - 4*d + 208859 = 0, -23*l + 26*l + 3*d - 125316 = 0. List the prime factors of l.
41771
Let k(y) = y**3 - 2*y**2 + 4. Let f be k(2). Suppose 3 + 9 = -f*d, -5*d - 807 = -4*j. List the prime factors of j.
2, 3, 11
Let t(v) = 35*v**2 - 54*v + 288. Let s be t(6). List the prime factors of s - (-6 + -2)*1.
2, 7, 11
Suppose -7*g + 0*g + 35 = 0. Suppose 0 = d + g*v - 219, d + d + 2*v = 406. Let j = 343 - d. List the prime factors of j.
2, 3
Let b(c) = -78 + 17*c - 8 - 15. List the prime factors of b(9).
2, 13
Let w = -109 - -189. Let z = w + -78. What are the prime factors of -52*(88/(-96) + z/(-6))?
5, 13
Let h(v) = 3*v**3 - 559*v**2 + 584*v - 375. What are the prime factors of h(186)?
3, 24551
Suppose 88 = -9*x - 11. Let d(f) = f**2 - 25*f - 15. Let s be d(x). Let b = s - 196. List the prime factors of b.
5, 37
List the prime factors of (-7 - -1) + (50/(-2 + 7) - -10836).
2, 5, 271
What are the prime factors of 6*130/60 - -3941?
2, 3, 659
Suppose 6*o - 4*o + 4*u - 34912 = 0, 5*u = 7*o - 122192. List the prime factors of o.
2, 1091
Suppose 4 = -5*q - 31. What are the prime factors of q/((-14)/8) - (3 - 76)?
7, 11
Let i = 22695 - 12476. What are the prime factors of i?
11, 929
Let p be (-3 - (-63)/27)*2817. Let a = -524 - p. List the prime factors of a.
2, 677
Let v = 4219 - -888. List the prime factors of v.
5107
Let y(a) = -3*a**3 + 32*a**2 + 120*a - 13. List the prime factors of y(-17).
2, 11, 997
Let h(s) be the second derivative of 23*s**3/6 + 5*s**2/2 - 15*s. Let n be h(1). What are the prime factors of (2 + n/(-6))/((-4)/150)?
2, 5
What are the prime factors of (-349380)/(-48) + 7*(-3)/12?
19, 383
Suppose 6*r + 45*r - 27260 - 8848 = 0. List the prime factors of r.
2, 3, 59
Let l(n) = 7 + 14*n - 60*n - 1 + 0. Let w be l(-8). Let d = -258 + w. List the prime factors of d.
2, 29
Suppose -3*y + 12 = 0, 0 = 3*a - 3*y - 15 + 69. Let l be 2*(-3)/6 - 98/a. Let b(f) = 7*f**2 - 19*f + 2. List the prime factors of b(l).
2, 5, 7
Let v(t) = -2*t**2 - 21*t + 16. Let q be v(-11). Let i be (1 - 6)*(-2)/q. Suppose 4*s + 5*x = 4*x + 115, -70 = -2*s + i*x. What are the prime factors of s?
2, 3, 5
Suppose -4*q = 234 - 58. Let k = q + 48. Suppose -2*b + k*h - 4 + 0 = 0, 2*b - 5*h = -7. What are the prime factors of b?
2
Let i be 3 + (-9 - (7 - (5 - 0))). Suppose 2*x + 4*j + 6 = 0, -4*x - 4*j = -4 + 28. 